- 3*f + 11. Suppose 203 = -4*m + 227. Let w(d) = -13*d**2 - 2*d + 10. Let z(s) = m*a(s) - 7*w(s). What is z(8)?
28
Suppose -2*i - 6*i = -32. Suppose -2*q = -2*n - i, -q + 2*n + 3 = -0*n. Let a(w) = 3*w**3 + 2*w - 1. Give a(q).
4
Let p(k) = -6*k**3 - 88*k**2 + 60*k - 31. Let z(n) = -n**3 - 17*n**2 + 12*n - 6. Let i be (-39)/6 + (-1)/(-2) + 4. Let o(u) = i*p(u) + 11*z(u). Calculate o(10).
16
Let n(d) be the second derivative of -7*d**6/120 - d**5/30 + d**4/24 + 28*d**2 + 5*d. Let t(g) be the first derivative of n(g). Calculate t(1).
-8
Let t(v) = -v**3 - v**2 - 6*v + 1. Let r(d) = -6*d**3 - 24*d**2 - 39*d + 13. Let l(j) = -r(j) + 7*t(j). What is l(17)?
-57
Let z(k) = -21*k - 2 + 12*k + k + k**2 + 13*k. Suppose 0 = -350*u + 353*u + 12. What is z(u)?
-6
Let d(j) be the third derivative of -4/3*j**3 - 16*j**2 + 0 - 1/24*j**4 + 0*j. Determine d(-5).
-3
Let m(g) be the third derivative of -g**6/720 - g**5/60 - 5*g**4/12 - 10*g**2. Let o(x) be the second derivative of m(x). Let k = -1033 - -1033. Calculate o(k).
-2
Let b(q) = 480*q - 150. Let t = 104 + -29. Let k(h) = 13*h - 4. Let a(s) = t*k(s) - 2*b(s). Suppose 2*g - 7*g + 5 = 0. What is a(g)?
15
Let i(t) = -4*t**2 + 27*t - 29. Let r(h) = h**2 + 2. Let d(w) = i(w) + 3*r(w). Determine d(26).
3
Let u(l) = -2*l**2 - 17*l + 1750. Let a be u(-34). Let w(x) = 2*x + 4. Calculate w(a).
36
Let f be 6426/(-1547) + 6/39. Let k(u) = u**3 + u**2 - 7*u + 5. Give k(f).
-15
Let j(o) = 13*o - 19. Let f(g) = 3*g**2 - 16*g - 16. Let x be f(-1). What is j(x)?
20
Let z(u) = -281 + u**2 - 3*u - u**3 + 137 + 148 + 4*u. Give z(-3).
37
Let h(a) be the second derivative of a**5/20 - 4*a**4/3 + 11*a**3/6 + 15*a**2/2 + 11933*a. Determine h(15).
-45
Let l(y) = y**3 + y**2 + 2*y + 1. Let g be l(0). Suppose -7*h = 13 + g. Let n(r) = 11 + 0*r**2 + 3*r - 13 - r**2 - 7*r. Calculate n(h).
2
Let d(k) = -27*k**2 - 14*k**2 + 7*k**2 + 1 + k**2. Let n be 48/16 + -2 + (4 - 4). Give d(n).
-32
Let i(g) = -5*g**2 + 10*g - 22. Let n(o) = -29*o - 26 - 10*o**2 + 40*o + 4*o**2. Let b(p) = 5*i(p) - 4*n(p). Determine b(6).
-6
Let h(c) be the first derivative of -2*c**2 + 10*c + 2382. Give h(4).
-6
Let p be 316/6 - (-1)/3. Suppose 0 = 14*s - 102 - 164. Suppose 0 = -9*c + p + s. Let h(t) = -t + 11. Determine h(c).
3
Suppose -3*q - 5*x = -18, -2*q = 61*x - 66*x - 37. Let v(l) = -l**3 + 10*l**2 + 8*l + 41. Determine v(q).
8
Suppose 2*c = o - 0 - 7, 4*o - 6 = -3*c. Suppose 0*z - z = -o*y, 10 = -5*y. Let k(f) = -f**3 - 6*f**2 - 2*f - 7. Give k(z).
5
Let f = 31 - 28. Let k(d) = -4*d**3 + 3*d**2 - 4*d - 4. Let z(b) = b**3 - b**2 + b. Let h(p) = -k(p) - 6*z(p). Determine h(f).
-29
Let r = 3 + 0. Let n(q) be the third derivative of -q**6/120 + q**5/20 + q**4/8 - 7*q**3/6 + 5718*q**2 - 2*q + 7. Give n(r).
2
Let n(j) be the third derivative of j**5/15 + 3*j**4/8 + 7*j**3/6 + 104*j**2. Let c(x) = -11*x**2 - 19*x - 15. Let w(m) = 2*c(m) + 5*n(m). Give w(4).
1
Let r(b) = -2*b + 6. Let z(o) = 5*o + 6. Let m(p) = 4*p + 5. Let g(k) = -6*m(k) + 5*z(k). Let v = -645 - -639. Let s(u) = v*g(u) - r(u). What is s(-5)?
14
Let j(z) = -2*z**3 + 5*z**2 + 2*z + 4. Let m(y) = y**3 + y. Let u(n) = -j(n) - 3*m(n). Suppose 0 = 7*i - 2*i. Suppose i = 2*b - 4*b - 6. Determine u(b).
-7
Let l(u) = -u**3 + 11*u**2 - u + 10. Suppose 0 = -9*y + 4 - 31. Let x be (-1)/1 - 5*y - 3. Let r be l(x). Let m(v) = 19*v + 1. What is m(r)?
-18
Let g(k) be the first derivative of -k**5/10 - k**4/12 + k**2/2 + 2*k + 216. Let i(s) be the first derivative of g(s). Calculate i(1).
-2
Let h(x) = -3*x**2 - x - 3. Let b(c) = 6*c**2 + 5*c + 4. Let g(i) = -5*i**2 - 4*i - 4. Let p(z) = 2*b(z) + 3*g(z). Let r(n) = 4*h(n) - 3*p(n). Calculate r(2).
-8
Let s(g) = g**2 - 7*g + 13. Suppose 2 = -2*w - 0, 2*p - 5*w - 9 = 0. Calculate s(p).
3
Suppose 0 = 7*s - 8 + 64. Let y = -13 - s. Let o(m) = -m**3 - 6*m**2 - 3*m - 5. Give o(y).
-15
Let f(y) = -y**3 - 7*y**2 - 2. Suppose 26*b = 201 + 319. Suppose -9*g - b = 43. Calculate f(g).
-2
Let u(p) be the second derivative of -p**5/20 + p**4/2 - 2*p**3/3 + 3*p**2 - 473*p. Calculate u(4).
22
Let t = -37 + 61. Suppose 0 = -3*c - 2*l + l + t, 50 = 5*c + 5*l. Let o be (c/(-14))/(2/16). Let n(g) = -g**3 - 3*g**2 + 5*g + 5. Determine n(o).
1
Let o be (477/265)/(2 + 33/(-15)). Let y(g) = -g - 23. Give y(o).
-14
Suppose 0 = 4*g - i + 26, -2*g = -2*i + 3*i + 10. Let n = -1164 + 1166. Let j(z) = 27 - 6 - 3*z - 15 + n*z. Determine j(g).
12
Let l(a) be the first derivative of -23*a**2/2 - 338*a - 1661. Give l(-15).
7
Suppose -32*j = 405 - 53. Suppose l + 0 = 2. Let g(d) = 8*d - 7 - d**2 + 2*d + l*d**2. Calculate g(j).
4
Let b(d) = 107 - d + 5*d - 51*d + 0*d + 20*d. What is b(4)?
-1
Let u(l) = -6*l - 1. Let a(k) = k**3 - 21*k**2 + 36*k - 28. Let t be a(20). Let x = 293 - t. Determine u(x).
-7
Let g(q) = -q - 1. Let y(a) = -14*a**3 + a**2 + a + 1. Let r be y(-1). Let p(c) = 2*c**2 - 26*c + 87. Let b be p(12). Suppose -b = -6*z - r. Give g(z).
-9
Let j(c) = -c**3 + 16*c**2 + 15*c + 36. Let y be j(17). Let s = y - 0. Let d(h) = 8*h**2 - 5*h**s - 5*h**2. Give d(1).
-2
Suppose 0 = 23*a + 183 - 68. Let y(g) = g**2 + 4*g - 1. What is y(a)?
4
Suppose -5*m + z = -4, 0 = -4*m + 14*z - 9*z - 1. Let w be m*-4 + (31 - 22). Let p(k) = -2 - 2*k + 4*k - 3. Give p(w).
5
Let s(p) = p**3 - 23*p**2 + 26*p - 5. Suppose 63*a - 1540 = -154. Calculate s(a).
83
Let i(h) = -h**3 - 19*h**2 - 18*h + 5. Let d be (2 - 5)/((-13)/(-78)). Determine i(d).
5
Let n(p) = -61*p - 42. Let f(d) = -10*d - 12. Let w(s) = -6*f(s) + n(s). Determine w(-7).
37
Let j(b) = -b**2 + 14*b - 3. Suppose 2*z + 62 = 4*o, 22*o + 4*z = 19*o + 30. What is j(o)?
-3
Suppose 19*m - 14 = -204. Let k(c) = 4*c + 5. What is k(m)?
-35
Let t(o) be the third derivative of o**6/120 + o**5/12 - 7*o**4/24 + 11*o**3/3 + 787*o**2 + 2*o. Calculate t(-7).
-27
Suppose 0*g = 5*g + 2*a - 20, -5*a - 49 = -4*g. Let i(q) = -5*q + 39. Let u be i(g). Let c(h) = h - 4. Give c(u).
5
Let l be (1 - -1*1)*1. Let o(t) = -14*t**2 + 14*t + 280. Let r(b) = 2*b**2 - 2*b - 41. Let g(m) = 6*o(m) + 41*r(m). Determine g(l).
-5
Let p(i) = -10*i - 365*i**2 - 26*i + 366*i**2 + 328. Determine p(16).
8
Let p be 848/2 + 1 + (14 - 10). Let w(y) = -4 - 7*y - 433*y**2 + 861*y**2 - p*y**2. Calculate w(-7).
-4
Let b(j) be the third derivative of -j**5/60 + 11*j**4/24 - 7*j**3/6 + 6355*j**2. Let i = -23 - -33. What is b(i)?
3
Let m(v) = -3*v**3 + 32*v**2 - 10*v - 6. Let g(r) = r**3 - 11*r**2 + 3*r + 2. Let d(q) = 11*g(q) + 4*m(q). Suppose 39*z = 8*z + 35 + 151. Determine d(z).
-8
Let x(d) = -3*d**3 + 2*d - 1. Let j(t) = -16*t**3 - 12*t**2 - 3*t - 21. Let a(q) = j(q) - 5*x(q). What is a(-11)?
6
Let p be (6258/5364)/((-1)/42). Let n(i) = -i**3 - 51*i**2 - 99*i - 42. Determine n(p).
7
Let y(w) = w**2 + 4*w - 5. Suppose 4*r + b = 14, -3*r + 2*b + 18 = 13. What is y(r)?
16
Let l(i) = -599*i - 2396. Let p be l(-4). Let w(f) = f**2 + 8*f - 3. What is w(p)?
-3
Let t = 22597 + -22597. Let d(c) be the third derivative of 0 + 0*c - 29*c**2 + t*c**3 - 1/12*c**4. Give d(-1).
2
Suppose -301 = -2*q + 5*v - 67, 0 = 2*v - 8. Let x = -1957 - -2083. Let c = x - q. Let f(g) = -4*g - 1. Calculate f(c).
3
Let n be ((1 + -1)/6)/((-2)/(-2)). Suppose -5*j + 10 + 10 = n. Suppose k - j = -0, -q + k - 12 = 0. Let h(g) = -g**2 - 8*g - 4. Determine h(q).
-4
Let f be -18 - (-7)/(112/320). Let v(n) = -5*n + 9. What is v(f)?
-1
Let p(d) = 2*d + 13. Let l be (-2)/6*(-24)/2 + -20 + 22. Determine p(l).
25
Let x = 698 - 681. Let h(g) = g**3 - 18*g**2 + 21*g - 69. What is h(x)?
-1
Let h(l) be the second derivative of 9*l**3/2 + 270*l**2 + 1817*l. Determine h(-20).
0
Suppose -3*y = -5*u + 38, -4*u - 3*y + 8 = -44. Let n(j) = 3*j + 3*j - 5*j + 3 + 0. What is n(u)?
13
Let x(i) = -4*i**2 - 10*i + 12. Let p be x(-5). Let z be -7 - (171/p + (-6)/(-4)). Let m(q) = 4*q - 3 - q + 1. Give m(z).
-14
Let y(b) = b**2 + 3*b + 2. Let r be y(-5). Suppose 3*o = -o - 4*l - r, -10 = 2*l. Let a(f) = -f**3 - 2*f**2 - 3*f**2 + f + 2 - 3 + 2*f**o. Give a(-3).
-4
Suppose -2*a - 15 = -p + 1, 0 = -4*a - 4*p - 8. Let i(q) be the second derivative of 0 - 1/3*q**3 - 3*q - 4*q**2. Calculate i(a).
4
Let j(r) = -2*r**2 + 11. Let u = 6739 - 6735. Determine j(u).
-21
Let z(g) = 83*g - 81. Let a be z(1). Let s(p) = -6*p + 97*p**a + 9*p - 96*p**2 - 4*p. Determine